-2*i**3 + 2*i**2 - 6*i + 2. Determine j(3).
-52
Let j(x) = x**3 + 6*x**2 + 2*x + 15. Give j(-6).
3
Let g(l) = l**2 - 5*l + 3. Calculate g(4).
-1
Let i(v) = -v**2 + 5*v - 4. Determine i(4).
0
Let s(p) = p**3 + 23*p**2 - 2*p + 22. What is s(-23)?
68
Let h(w) = w**2 + 21*w + 37. What is h(-18)?
-17
Let z(q) = 2*q - 22. Determine z(22).
22
Let u(p) = -p**3 - 21*p**2 - 56*p - 41. Determine u(-18).
-5
Let j(r) = -r - 3. Determine j(0).
-3
Let z(j) = -j + 72. Calculate z(62).
10
Let d(p) = p**3 + 11*p**2 - 12*p - 12. Calculate d(-12).
-12
Let c(h) = h**3 - 22*h**2 + 20*h - 27. Determine c(21).
-48
Let m(p) = 5*p - 102. Give m(13).
-37
Let i(u) = -5*u - 13. Determine i(-5).
12
Let k(m) = 8*m - 22. Give k(7).
34
Let t(b) = b**2 + b - 1. What is t(-1)?
-1
Let l(u) = u + 13. Determine l(-6).
7
Let i(o) = -3*o**2 - 17*o + 10. What is i(-8)?
-46
Let m(s) = -s**2 + 5*s - 38. What is m(4)?
-34
Let v(p) = p**3 + 14*p**2 - 3*p - 32. What is v(-14)?
10
Let s(b) = -b**3 + 14*b**2 + 4*b - 49. What is s(14)?
7
Let i(l) = -l**2 - 22*l + 236. Calculate i(-30).
-4
Let j(z) = -z**2 - 8*z - 6. Give j(-7).
1
Let h(x) = -8*x + 20. What is h(7)?
-36
Let a(u) = u**2 + 4*u + 12. Determine a(-6).
24
Let b(o) = 9*o - 10. Determine b(5).
35
Let i(g) = g**2 + 9*g - 2. Calculate i(-7).
-16
Let f(z) = 2*z**2 + 62*z + 110. Calculate f(-29).
-6
Let l(u) = u**3 - 17*u**2 - 4*u - 16. Give l(17).
-84
Let p(d) = d**2 - 14*d - 66. Give p(-4).
6
Let h(g) = -3*g + 13. What is h(7)?
-8
Let s(c) = 4*c**3 + c**2 + 3*c - 1. Give s(2).
41
Let k(h) = 4*h + 24. Determine k(8).
56
Let y(f) = -23*f - 392. What is y(-18)?
22
Let q(t) = t - 10. Determine q(-6).
-16
Let x(a) = a**2 - 26*a - 143. Calculate x(-5).
12
Let g(b) = b**3 - b**2 - b + 24. Determine g(0).
24
Let h(i) = -54*i + 45. What is h(1)?
-9
Let l(c) = -8*c - 22. Determine l(-5).
18
Let l(g) = 6*g - 40. Determine l(8).
8
Let k(f) = 4*f**3 + f**2 - 1. What is k(-1)?
-4
Let i(b) = b**3 - 25*b**2 + 8*b - 183. Give i(25).
17
Let s(k) = k**3 - 13*k**2 - 17*k + 8. Give s(14).
-34
Let t(o) = 2*o**2 + 27*o + 20. What is t(-14)?
34
Let k(f) = -5*f - 2. Determine k(0).
-2
Let a(x) = -4*x**2 + 16*x - 30. Calculate a(7).
-114
Let v(y) = -23*y**2 - 13*y - 5. Calculate v(-2).
-71
Let b(n) = 2*n + 14. Calculate b(-10).
-6
Let n(g) = g**3 - 10*g**2 + 17*g - 1. Determine n(8).
7
Let f(v) = 2*v**2 - 10*v + 1. Determine f(9).
73
Let d(j) = 2*j**3 + 5*j**2 + 5*j + 2. Calculate d(-2).
-4
Let p(c) = -3*c**3 + 10*c**2 + 23*c - 3. What is p(-2)?
15
Let g(u) = u - 5. Calculate g(9).
4
Let x(t) = 32*t**2. Give x(1).
32
Let m(b) = 2*b**2 - 7*b + 3. Calculate m(7).
52
Let z(x) = 5*x**2 - 14*x - 52. Give z(-3).
35
Let z(l) = -l**2 - 12*l - 12. What is z(-11)?
-1
Let q(v) = v + 11. Determine q(-1).
10
Let y(u) = 2*u**2 + 3*u - 8. What is y(-3)?
1
Let q(f) = 2*f + 21. What is q(-8)?
5
Let p(y) = -y**3 - 12*y**2 - 13*y - 15. What is p(-11)?
7
Let n(h) = 4*h + 53. Calculate n(-13).
1
Let a(o) = -o**2 - 19*o + 37. Calculate a(-21).
-5
Let k(t) = -t**3 + 9*t**2 + 8*t + 19. What is k(10)?
-1
Let a(v) = 21*v + 29. Determine a(-4).
-55
Let w(y) = -y**2 + 7*y - 13. What is w(4)?
-1
Let b(c) = -4*c**3 + 2*c**2 + 2*c. Give b(2).
-20
Let y(o) = -6*o - 23. Calculate y(11).
-89
Let j(k) = -4*k - 138. Give j(-36).
6
Let l(o) = o**2 + 9*o + 2. Determine l(-2).
-12
Let u(s) = -s**2 - 10*s - 25. Determine u(-8).
-9
Let l(g) = g**2 + 50*g - 212. What is l(-54)?
4
Let b(l) = 51*l - 553. What is b(11)?
8
Let m(c) = 2*c**3 + 12*c**2 - c - 5. What is m(-6)?
1
Let s(c) = -c**2 - 23*c - 62. Give s(-21).
-20
Let x(c) = c + 20. Give x(-9).
11
Let x(u) = u**3 + 9*u**2 - u - 2. What is x(-9)?
7
Let f(v) = v**3 - 13*v**2 - 16*v + 31. Give f(14).
3
Let g(h) = -h**3 - 3*h**2 - 2*h + 4. Determine g(1).
-2
Let d(c) = -c - 66. Calculate d(0).
-66
Let f(k) = k**2 - 22*k + 100. What is f(16)?
4
Let l(x) = x**2 - 14*x - 14. Give l(14).
-14
Let a(n) = -n**3 - 24*n**2 - 3*n - 64. What is a(-24)?
8
Let q(f) = -f**3 + 12*f**2 - 10*f - 28. Calculate q(11).
-17
Let m(j) = 4*j + 1. What is m(11)?
45
Let g(h) = -h**3 + 5*h**2 + h - 7. What is g(5)?
-2
Let c(u) = 4*u - 171. What is c(41)?
-7
Let j(y) = -y**3 + 33*y**2 - 3*y + 94. What is j(33)?
-5
Let z(t) = t**3 - 6*t**2 - 3. Give z(5).
-28
Let q(u) = u - 11. Determine q(3).
-8
Let g(z) = z**3 + 6*z**2 + 3*z - 2. Give g(-4).
18
Let z(n) = n**3 + 12*n**2 - 12*n + 7. What is z(-13)?
-6
Let u(f) = f**2 - 29*f - 219. What is u(-6)?
-9
Let m(q) = q**2 + 2*q + 1. Determine m(-5).
16
Let o(g) = -g - 26. What is o(-14)?
-12
Let x(k) = 49*k**3 - 2*k**2 + 1. Calculate x(-1).
-50
Let n(y) = 39*y**2 + 1. Determine n(-1).
40
Let f(p) = -4*p + 3. Calculate f(4).
-13
Let i(l) = -l**3 + 18*l**2 - 6*l + 130. Give i(18).
22
Let d(q) = -2*q - 3. Determine d(-5).
7
Let h(a) = a**3 + 18*a**2 + 15*a - 40. What is h(-17)?
-6
Let i(c) = c**3 + 9*c**2 + 14*c - 6. Determine i(-6).
18
Let j(v) = v**3 + 12*v**2 - v + 12. Give j(-12).
24
Let n(y) = y**3 - 6*y**2 + 6*y - 3. Give n(5).
2
Let s(q) = q**3 - 24*q**2 + 2*q - 62. Calculate s(24).
-14
Let t(b) = -3*b**2 - b - 2. Determine t(-3).
-26
Let p(i) = -i**3 + 18*i**2 + 19*i - 3. Determine p(19).
-3
Let x(o) = -2*o**3 + 67*o**2 - 32*o - 39. What is x(33)?
-6
Let b(i) = 2*i + 40. What is b(-25)?
-10
Let b(n) = -6*n + 3. What is b(-6)?
39
Let i(c) = 13*c**2 - c. Determine i(-1).
14
Let g(l) = -12*l - 139. Determine g(-12).
5
Let p(q) = q**3 - 8*q**2 - 20*q. What is p(10)?
0
Let x(u) = 2*u**2 - 42*u - 6. Determine x(21).
-6
Let o(i) = 2*i**3 - 3*i**2 - 2*i. Calculate o(3).
21
Let i(w) = w**3 + 5*w**2 - 3*w + 20. Give i(-6).
2
Let c(i) = -i**3 - 3*i - 10. Give c(-4).
66
Let u(b) = -b**3 - 7*b**2 + 9*b + 11. Calculate u(-8).
3
Let z(l) = -l**2 - 12*l + 17. Give z(-8).
49
Let u(t) = -26*t - 89. Determine u(-3).
-11
Let w(c) = -c**3 + 6*c**2 - 4*c + 2. What is w(6)?
-22
Let g(q) = 2*q - 40. Determine g(18).
-4
Let l(a) = 56*a + 95. Give l(-2).
-17
Let n(d) = d**3 + 6*d**2 - 26*d + 5. Calculate n(-9).
-4
Let r(w) = 6*w + 13. What is r(-7)?
-29
Let w(c) = -2*c**3 - c**2 + 3*c + 2. Give w(-2).
8
Let u(z) = z - 35. Calculate u(6).
-29
Let o(w) = w**2 + 3*w - 14. Determine o(3).
4
Let s(a) = -3*a**2 + 41*a - 60. Determine s(11).
28
Let z(b) = b + 2. Determine z(0).
2
Let s(n) = -2*n**2 - 14*n - 1. What is s(-9)?
-37
Let d(f) = -2*f + 3. Determine d(8).
-13
Let a(b) = -b**3 - 5*b**2 + 8*b + 4. Give a(-5).
-36
Let g(s) = 2*s**2 + 7*s + 9. Give g(-3).
6
Let y(p) = -9*p - 44. Give y(-7).
19
Let w(c) = 6*c + 2. Calculate w(-4).
-22
Let c(l) = -26*l - 98. Give c(-4).
6
Let g(b) = -b**2 + 7*b - 8. Give g(6).
-2
Let s(l) = -3*l - 7. Give s(-8).
17
Let m(z) = 2*z**2 - 13*z + 25. What is m(2)?
7
Let c(t) = -41*t - 83. Determine c(-2).
-1
Let t(w) = 2*w + 6. Give t(5).
16
Let d(y) = -86*y**2 + 4*y + 2. Determine d(-1).
-88
Let i(b) = b**3 - 2*b**2 - 13*b + 35. What is i(5)?
45
Let u(v) = 19*v - 15. What is u(5)?
80
Let i(m) = m**3 - 3*m**2 - 3*m - 7. What is i(5)?
28
Let v(s) = -20*s - 2. Determine v(-1).
18
Let f(d) = d**3 - 4*d**2 - 5*d + 10. Determine f(4).
-10
Let s(i) = -3*i**2 + 31*i + 50. Determine s(12).
-10
Let b(t) = -t**3 + 8*t**2 + t - 16. Determine b(7).
40
Let l(y) = 18*y + 241. Determine l(-13).
7
Let h(y) = -5*y + 111. Give h(20).
11
Let c(i) = -5*i**2 + 5*i + 24. What is c(3)?
-6
Let y(x) = -2*x**2 + 15*x + 5. Calculate y(8).
-3
Let y(m) = -m**3 + 33*m**2 - m + 15. What is y(33)?
-18
Let i(b) = -b**2 - 9*b - 8. Give i(-10).
-18
Let k(y) = 7*y + 4. What is k(3)?
25
Let i(w) = 3*w**2 - 9*w - 2. Calculate i(3).
-2
Let i(n) = -6*n**3 - 132*n**2 + 133*n. Give i(1).
-5
Let i(b) = 3*b + 30. Determine i(-6).
12
Let j(g) = 9*g**3 + 3*g**2 - 5*g - 6. What is j(-1)?
-7
Let g(k) = k**2 - 39. What is g(6)?
-3
Let v(n) = n**3 - 2*n + 2. Determine v(-3).
-19
Let u(p) = -26*p**2 + 233*p + 8. Determine u(9).
-1
Let d(f) = f**3 - 10*f**2 + 11*f - 1. What is d(9)?
17
Let g(i) = -i**3 - i**2 + i - 11. Determine g(-3).
4
Let k(m) = m**2 - 3*m - 10. What is k(5)?
0
Let n(t) = t**2 - 5*t - 96. Determine n(13).
8
Let x(r) = -6*r + 2. Give x(3).
-16
Let d(a) = -6*a + 3. What is d(1)?
-3
Let j(x) = -2*x + 2. Calculate j(0).
2
Let t(l) = l**3 + 6*l**2 + 7*l. Determine t(-3).
6
Let d(z) = z**2 + 8*z - 11. What is d(-9)?
-2
Let l(c) = -c**3 - 6*c**2 + 3*c. Determine l(